{"id":14093,"date":"2023-09-18T08:34:42","date_gmt":"2023-09-18T08:34:42","guid":{"rendered":"https:\/\/18.153.240.234\/servicio\/formacion-aplicacion-y-testeo-de-marcos-competenciales-en-investigacion-colaborativa\/"},"modified":"2024-03-22T12:10:42","modified_gmt":"2024-03-22T12:10:42","slug":"formacion-aplicacion-y-testeo-de-marcos-competenciales-en-investigacion-colaborativa","status":"publish","type":"servicio","link":"https:\/\/scienceforchange.eu\/ca\/servei\/formacion-aplicacion-y-testeo-de-marcos-competenciales-en-investigacion-colaborativa\/","title":{"rendered":"Formaci\u00f3, aplicaci\u00f3 i testatge de marcs competencials en investigaci\u00f3 col\u00b7laborativa"},"content":{"rendered":"","protected":false},"featured_media":0,"menu_order":0,"template":"","meta":{"inline_featured_image":false},"categories":[100,109],"tags":[],"acf":[],"_links":{"self":[{"href":"https:\/\/scienceforchange.eu\/ca\/wp-json\/wp\/v2\/servicio\/14093"}],"collection":[{"href":"https:\/\/scienceforchange.eu\/ca\/wp-json\/wp\/v2\/servicio"}],"about":[{"href":"https:\/\/scienceforchange.eu\/ca\/wp-json\/wp\/v2\/types\/servicio"}],"wp:attachment":[{"href":"https:\/\/scienceforchange.eu\/ca\/wp-json\/wp\/v2\/media?parent=14093"}],"wp:term":[{"taxonomy":"category","embeddable":true,"href":"https:\/\/scienceforchange.eu\/ca\/wp-json\/wp\/v2\/categories?post=14093"},{"taxonomy":"post_tag","embeddable":true,"href":"https:\/\/scienceforchange.eu\/ca\/wp-json\/wp\/v2\/tags?post=14093"}],"curies":[{"name":"wp","href":"https:\/\/api.w.org\/{rel}","templated":true}]}}

Formació, aplicació i testatge de marcs competencials en investigació col·laborativa
